{"id":397,"date":"2016-03-09T11:09:39","date_gmt":"2016-03-09T10:09:39","guid":{"rendered":"http:\/\/www.nhju.eu\/wordpress\/epwlm\/?page_id=397"},"modified":"2022-08-28T16:53:29","modified_gmt":"2022-08-28T14:53:29","slug":"le-bureau","status":"publish","type":"page","link":"https:\/\/epwlm.com\/index.php\/disciplines\/le-club\/le-bureau\/","title":{"rendered":"Bureau"},"content":{"rendered":"\t\t<div data-elementor-type=\"wp-page\" data-elementor-id=\"397\" class=\"elementor elementor-397\">\n\t\t\t\t\t\t<section class=\"elementor-section elementor-top-section elementor-element elementor-element-2ab149b elementor-section-boxed elementor-section-height-default elementor-section-height-default\" data-id=\"2ab149b\" data-element_type=\"section\" data-e-type=\"section\">\n\t\t\t\t\t\t<div class=\"elementor-container elementor-column-gap-default\">\n\t\t\t\t\t<div class=\"elementor-column elementor-col-100 elementor-top-column elementor-element elementor-element-330291b\" data-id=\"330291b\" data-element_type=\"column\" data-e-type=\"column\">\n\t\t\t<div class=\"elementor-widget-wrap elementor-element-populated\">\n\t\t\t\t\t\t<div class=\"elementor-element elementor-element-dbe0918 elementor-widget elementor-widget-heading\" data-id=\"dbe0918\" data-element_type=\"widget\" data-e-type=\"widget\" data-widget_type=\"heading.default\">\n\t\t\t\t<div class=\"elementor-widget-container\">\n\t\t\t\t\t<h2 class=\"elementor-heading-title elementor-size-default\">Composition du bureau de l'EPWLM :<\/h2>\t\t\t\t<\/div>\n\t\t\t\t<\/div>\n\t\t\t\t\t<\/div>\n\t\t<\/div>\n\t\t\t\t\t<\/div>\n\t\t<\/section>\n\t\t\t\t<section class=\"elementor-section elementor-top-section elementor-element elementor-element-30ad1869 elementor-section-boxed elementor-section-height-default elementor-section-height-default\" data-id=\"30ad1869\" data-element_type=\"section\" data-e-type=\"section\">\n\t\t\t\t\t\t<div class=\"elementor-container elementor-column-gap-default\">\n\t\t\t\t\t<div class=\"elementor-column elementor-col-100 elementor-top-column elementor-element elementor-element-2f202a32\" data-id=\"2f202a32\" data-element_type=\"column\" data-e-type=\"column\">\n\t\t\t<div class=\"elementor-widget-wrap elementor-element-populated\">\n\t\t\t\t\t\t<div class=\"elementor-element elementor-element-559f1d19 elementor-widget elementor-widget-text-editor\" data-id=\"559f1d19\" data-element_type=\"widget\" data-e-type=\"widget\" data-widget_type=\"text-editor.default\">\n\t\t\t\t<div class=\"elementor-widget-container\">\n\t\t\t\t\t\t\t\t\t<p><span class=\"userContent\" data-ft=\"{&quot;tn&quot;:&quot;K&quot;}\">Pr\u00e9sidente : Anne Sabine BRUNELLE<\/span><\/p><p><span class=\"userContent\" data-ft=\"{&quot;tn&quot;:&quot;K&quot;}\">Vice-pr\u00e9sident : Umberto TAMBURRINO<\/span><\/p><p><span class=\"userContent\" data-ft=\"{&quot;tn&quot;:&quot;K&quot;}\">Tr\u00e9sori\u00e8re : Carole FLEURBAYX<\/span><\/p><p><span class=\"userContent\" data-ft=\"{&quot;tn&quot;:&quot;K&quot;}\">Secr\u00e9taire : Christelle PERAMATO<br \/><\/span><\/p><p><span class=\"userContent\" data-ft=\"{&quot;tn&quot;:&quot;K&quot;}\">Secr\u00e9taire adjointe : Isabelle ROUVRAIS<\/span><\/p><p><span style=\"text-decoration: underline;\">Membres du CA<\/span><\/p><p>Adeline CAPELLE<br \/>Sabine DEBROCK<br \/>Laetitia DEPARNAY<br \/>Florence ENNIQUE<br \/>Gr\u00e9gory FRUTSAERT<br \/>Nathalie MASUREL<br \/>Laure MESNIL<br \/>No\u00e9mie VAILLANT<br \/>Jacopo VIZIOLI<br \/>Johann WARIN<\/p>\t\t\t\t\t\t\t\t<\/div>\n\t\t\t\t<\/div>\n\t\t\t\t\t<\/div>\n\t\t<\/div>\n\t\t\t\t\t<\/div>\n\t\t<\/section>\n\t\t\t\t<\/div>\n\t\t","protected":false},"excerpt":{"rendered":"<p>Composition du bureau de l&#8217;EPWLM : Pr\u00e9sidente : Anne Sabine BRUNELLE Vice-pr\u00e9sident : Umberto TAMBURRINO Tr\u00e9sori\u00e8re : Carole FLEURBAYX Secr\u00e9taire : Christelle PERAMATO Secr\u00e9taire adjointe : Isabelle ROUVRAIS Membres du CA Adeline CAPELLESabine DEBROCKLaetitia DEPARNAYFlorence ENNIQUEGr\u00e9gory FRUTSAERTNathalie MASURELLaure MESNILNo\u00e9mie VAILLANTJacopo VIZIOLIJohann WARIN<\/p>\n","protected":false},"author":1,"featured_media":0,"parent":4440,"menu_order":0,"comment_status":"closed","ping_status":"closed","template":"","meta":{"_monsterinsights_skip_tracking":false,"_monsterinsights_sitenote_active":false,"_monsterinsights_sitenote_note":"","_monsterinsights_sitenote_category":0,"neve_meta_sidebar":"","neve_meta_container":"","neve_meta_enable_content_width":"off","neve_meta_content_width":0,"neve_meta_title_alignment":"","neve_meta_author_avatar":"","neve_post_elements_order":"","neve_meta_disable_header":"off","neve_meta_disable_footer":"","neve_meta_disable_title":"on","ngg_post_thumbnail":0,"footnotes":""},"class_list":["post-397","page","type-page","status-publish","hentry"],"jetpack_sharing_enabled":true,"jetpack_shortlink":"https:\/\/wp.me\/P9UovH-6p","_links":{"self":[{"href":"https:\/\/epwlm.com\/index.php\/wp-json\/wp\/v2\/pages\/397","targetHints":{"allow":["GET"]}}],"collection":[{"href":"https:\/\/epwlm.com\/index.php\/wp-json\/wp\/v2\/pages"}],"about":[{"href":"https:\/\/epwlm.com\/index.php\/wp-json\/wp\/v2\/types\/page"}],"author":[{"embeddable":true,"href":"https:\/\/epwlm.com\/index.php\/wp-json\/wp\/v2\/users\/1"}],"replies":[{"embeddable":true,"href":"https:\/\/epwlm.com\/index.php\/wp-json\/wp\/v2\/comments?post=397"}],"version-history":[{"count":34,"href":"https:\/\/epwlm.com\/index.php\/wp-json\/wp\/v2\/pages\/397\/revisions"}],"predecessor-version":[{"id":16202,"href":"https:\/\/epwlm.com\/index.php\/wp-json\/wp\/v2\/pages\/397\/revisions\/16202"}],"up":[{"embeddable":true,"href":"https:\/\/epwlm.com\/index.php\/wp-json\/wp\/v2\/pages\/4440"}],"wp:attachment":[{"href":"https:\/\/epwlm.com\/index.php\/wp-json\/wp\/v2\/media?parent=397"}],"curies":[{"name":"wp","href":"https:\/\/api.w.org\/{rel}","templated":true}]}}