{"id":6199,"date":"2019-10-25T19:09:58","date_gmt":"2019-10-25T17:09:58","guid":{"rendered":"https:\/\/epwlm.com\/?page_id=6199"},"modified":"2020-03-20T20:44:37","modified_gmt":"2020-03-20T19:44:37","slug":"evenements-2017","status":"publish","type":"page","link":"https:\/\/epwlm.com\/index.php\/evenements-2017\/","title":{"rendered":"Actualit\u00e9s 2017"},"content":{"rendered":"\t\t<div data-elementor-type=\"wp-page\" data-elementor-id=\"6199\" class=\"elementor elementor-6199\">\n\t\t\t\t\t\t<section class=\"elementor-section elementor-top-section elementor-element elementor-element-fcb8acb elementor-section-boxed elementor-section-height-default elementor-section-height-default\" data-id=\"fcb8acb\" data-element_type=\"section\" data-e-type=\"section\">\n\t\t\t\t\t\t<div class=\"elementor-container elementor-column-gap-default\">\n\t\t\t\t\t<div class=\"elementor-column elementor-col-100 elementor-top-column elementor-element elementor-element-b493ad8\" data-id=\"b493ad8\" data-element_type=\"column\" data-e-type=\"column\">\n\t\t\t<div class=\"elementor-widget-wrap elementor-element-populated\">\n\t\t\t\t\t\t<div class=\"elementor-element elementor-element-c9ebc0e elementor-grid-eael-col-2 elementor-grid-tablet-eael-col-2 elementor-grid-mobile-eael-col-1 elementor-widget elementor-widget-eael-post-grid\" data-id=\"c9ebc0e\" data-element_type=\"widget\" data-e-type=\"widget\" data-settings=\"{&quot;eael_post_grid_columns&quot;:&quot;eael-col-2&quot;,&quot;eael_post_grid_columns_tablet&quot;:&quot;eael-col-2&quot;,&quot;eael_post_grid_columns_mobile&quot;:&quot;eael-col-1&quot;}\" data-widget_type=\"eael-post-grid.default\">\n\t\t\t\t<div class=\"elementor-widget-container\">\n\t\t\t\t\t<div id=\"eael-post-grid-c9ebc0e\" class=\"eael-post-grid-container\">\n            <div class=\"eael-post-grid eael-post-appender eael-post-appender-c9ebc0e eael-post-grid-style-one\" data-layout-mode=\"masonry\"><article class=\"eael-grid-post  eael-post-grid-column eael-pg-post-3779 category-2017-gala\" data-id=\"3779\">\n        <div class=\"eael-grid-post-holder\">\n            <div class=\"eael-grid-post-holder-inner\"><div class=\"eael-entry-wrapper\"><header class=\"eael-entry-header\"><h2 class=\"eael-entry-title\"><a class=\"eael-grid-post-link\" href=\"https:\/\/epwlm.com\/index.php\/2017\/12\/19\/gala-de-noel-2017\/\" title=\"Gala de Noel 2017\">Gala de Noel 2017<\/a><\/h2><\/header><div class=\"eael-entry-content\">\n                        <div class=\"eael-grid-post-excerpt\"><p>En direct du gala de No\u00ebl &#8230;.ambiance fluo avec tous les groupes loisirs..<\/p><\/div>\n                    <\/div><\/div><\/div>\n        <\/div>\n    <\/article><article class=\"eael-grid-post  eael-post-grid-column eael-pg-post-3746 category-2017-gala-non-classe\" data-id=\"3746\">\n        <div class=\"eael-grid-post-holder\">\n            <div class=\"eael-grid-post-holder-inner\"><div class=\"eael-entry-wrapper\"><header class=\"eael-entry-header\"><h2 class=\"eael-entry-title\"><a class=\"eael-grid-post-link\" href=\"https:\/\/epwlm.com\/index.php\/2017\/12\/16\/gala-noel-17-decembre-2017\/\" title=\"GALA No\u00ebl &#8211; 17 d\u00e9cembre 2017\">GALA No\u00ebl &#8211; 17 d\u00e9cembre 2017<\/a><\/h2><\/header><div class=\"eael-entry-content\">\n                        <div class=\"eael-grid-post-excerpt\"><p>Le Gala EPWLM pour un NOEL Fluo ce soir dimanche 17 D\u00e9cembre de 18h30 \u00e0 21h30 \u00e0 la patinoire Serge...<\/p><\/div>\n                    <\/div><\/div><\/div>\n        <\/div>\n    <\/article><article class=\"eael-grid-post  eael-post-grid-column eael-pg-post-3722 category-2017-competitions-artistiques\" data-id=\"3722\">\n        <div class=\"eael-grid-post-holder\">\n            <div class=\"eael-grid-post-holder-inner\"><div class=\"eael-entry-wrapper\"><header class=\"eael-entry-header\"><h2 class=\"eael-entry-title\"><a class=\"eael-grid-post-link\" href=\"https:\/\/epwlm.com\/index.php\/2017\/12\/11\/artistique-10-decembre-beffrois-coupe-regionale-beffrois-n3-et-regionaux-1-manche-hdf\/\" title=\"ARTISTIQUE &#8211; 10 decembre &#8211; BEFFROIS &#8211; Coupe R\u00e9gionale Beffrois N3 et R\u00e9gionaux (1 manche  HDF)\">ARTISTIQUE &#8211; 10 decembre &#8211; BEFFROIS &#8211; Coupe R\u00e9gionale Beffrois N3 et R\u00e9gionaux (1 manche  HDF)<\/a><\/h2><\/header><div class=\"eael-entry-content\">\n                        <div class=\"eael-grid-post-excerpt\"><p>Fin du Week End pour le groupe artistique en comp\u00e9tition R\u00e9gionale \u00e0 la Coupe de Beffrois d&#8217;AMIENS.. Pour les plus...<\/p><\/div>\n                    <\/div><\/div><\/div>\n        <\/div>\n    <\/article><article class=\"eael-grid-post  eael-post-grid-column eael-pg-post-3728 category-2017-competitions-danses\" data-id=\"3728\">\n        <div class=\"eael-grid-post-holder\">\n            <div class=\"eael-grid-post-holder-inner\"><div class=\"eael-entry-wrapper\"><header class=\"eael-entry-header\"><h2 class=\"eael-entry-title\"><a class=\"eael-grid-post-link\" href=\"https:\/\/epwlm.com\/index.php\/2017\/12\/11\/danse-10-decembre-207-tdf1\/\" title=\"DANSE &#8211; 10 d\u00e9cembre 2017 &#8211; TDF1\">DANSE &#8211; 10 d\u00e9cembre 2017 &#8211; TDF1<\/a><\/h2><\/header><div class=\"eael-entry-content\">\n                        <div class=\"eael-grid-post-excerpt\"><p>Le Tdf du havre de Danse sur Glace se termine pour l&#8217;EPWLM et leur coach de Danse D\u00e9borah Watelier.. Un...<\/p><\/div>\n                    <\/div><\/div><\/div>\n        <\/div>\n    <\/article><article class=\"eael-grid-post  eael-post-grid-column eael-pg-post-3692 category-2017-competitions\" data-id=\"3692\">\n        <div class=\"eael-grid-post-holder\">\n            <div class=\"eael-grid-post-holder-inner\"><div class=\"eael-entry-wrapper\"><header class=\"eael-entry-header\"><h2 class=\"eael-entry-title\"><a class=\"eael-grid-post-link\" href=\"https:\/\/epwlm.com\/index.php\/2017\/12\/02\/calendrier-2017-2018\/\" title=\"Calendrier comp\u00e9titions 2017-2018\">Calendrier comp\u00e9titions 2017-2018<\/a><\/h2><\/header><div class=\"eael-entry-content\">\n                        <div class=\"eael-grid-post-excerpt\"><p>[pdf-embedder url=&#8221;http:\/\/www.nhju.eu\/wordpress\/epwlm\/wp-content\/uploads\/sites\/3\/2017\/12\/CALENDRIER-17-18-Toutes-disciplines.pdf&#8221; title=&#8221;CALENDRIER 17-18 Toutes disciplines&#8221;] [dg fancy=&#8221;true&#8221; attachment_pg=&#8221;false&#8221; ids=&#8221;3693&#8243;]<\/p><\/div>\n                    <\/div><\/div><\/div>\n        <\/div>\n    <\/article><article class=\"eael-grid-post  eael-post-grid-column eael-pg-post-3564 category-2017-gala\" data-id=\"3564\">\n        <div class=\"eael-grid-post-holder\">\n            <div class=\"eael-grid-post-holder-inner\"><div class=\"eael-entry-wrapper\"><header class=\"eael-entry-header\"><h2 class=\"eael-entry-title\"><a class=\"eael-grid-post-link\" href=\"https:\/\/epwlm.com\/index.php\/2017\/11\/20\/sondage-de-presence-pour-le-gala-de-noel-du-club-2017\/\" title=\"sondage pour le GALA de Noel du club 2017\">sondage pour le GALA de Noel du club 2017<\/a><\/h2><\/header><div class=\"eael-entry-content\">\n                        <div class=\"eael-grid-post-excerpt\"><p>Bonjour \u00e0 tous et \u00e0 toutes, Nous souhaiterions faire un sondage pour connaitre le nombre de personnes qui seront pr\u00e9sents...<\/p><\/div>\n                    <\/div><\/div><\/div>\n        <\/div>\n    <\/article><article class=\"eael-grid-post  eael-post-grid-column eael-pg-post-3541 category-2017-competitions-competitions-artistiques-wasquehal\" data-id=\"3541\">\n        <div class=\"eael-grid-post-holder\">\n            <div class=\"eael-grid-post-holder-inner\"><div class=\"eael-entry-wrapper\"><header class=\"eael-entry-header\"><h2 class=\"eael-entry-title\"><a class=\"eael-grid-post-link\" href=\"https:\/\/epwlm.com\/index.php\/2017\/11\/12\/tdf-resultats-finaux\/\" title=\"TDF &#8211; R\u00e9sultats finaux\">TDF &#8211; R\u00e9sultats finaux<\/a><\/h2><\/header><div class=\"eael-entry-content\">\n                        <div class=\"eael-grid-post-excerpt\"><p>&nbsp; &nbsp;<\/p><\/div>\n                    <\/div><\/div><\/div>\n        <\/div>\n    <\/article><article class=\"eael-grid-post  eael-post-grid-column eael-pg-post-3532 category-2017-presse-wasquehal\" data-id=\"3532\">\n        <div class=\"eael-grid-post-holder\">\n            <div class=\"eael-grid-post-holder-inner\"><div class=\"eael-entry-wrapper\"><header class=\"eael-entry-header\"><h2 class=\"eael-entry-title\"><a class=\"eael-grid-post-link\" href=\"https:\/\/epwlm.com\/index.php\/2017\/11\/12\/tdf-la-voix-du-nord\/\" title=\"TDF &#8211; La voix du Nord parle de nous !\">TDF &#8211; La voix du Nord parle de nous !<\/a><\/h2><\/header><div class=\"eael-entry-content\">\n                        <div class=\"eael-grid-post-excerpt\"><p>http:\/\/www.lavoixdunord.fr\/263434\/article\/2017-11-11\/wasquehal-l-heure-de-l-axel-du-lutz-et-autre-boucle-pique<\/p><\/div>\n                    <\/div><\/div><\/div>\n        <\/div>\n    <\/article><article class=\"eael-grid-post  eael-post-grid-column eael-pg-post-3529 category-2017-competitions\" data-id=\"3529\">\n        <div class=\"eael-grid-post-holder\">\n            <div class=\"eael-grid-post-holder-inner\"><div class=\"eael-entry-wrapper\"><header class=\"eael-entry-header\"><h2 class=\"eael-entry-title\"><a class=\"eael-grid-post-link\" href=\"https:\/\/epwlm.com\/index.php\/2017\/11\/12\/tdf-n3-minime-messieurs\/\" title=\"TDF &#8211; N3 Minime Messieurs\">TDF &#8211; N3 Minime Messieurs<\/a><\/h2><\/header><div class=\"eael-entry-content\">\n                        <div class=\"eael-grid-post-excerpt\"><p><\/p><\/div>\n                    <\/div><\/div><\/div>\n        <\/div>\n    <\/article><article class=\"eael-grid-post  eael-post-grid-column eael-pg-post-3525 category-2017-competitions-competitions-artistiques\" data-id=\"3525\">\n        <div class=\"eael-grid-post-holder\">\n            <div class=\"eael-grid-post-holder-inner\"><div class=\"eael-entry-wrapper\"><header class=\"eael-entry-header\"><h2 class=\"eael-entry-title\"><a class=\"eael-grid-post-link\" href=\"https:\/\/epwlm.com\/index.php\/2017\/11\/12\/tdf-2\/\" title=\"TDF -N3 Novice Messieurs\">TDF -N3 Novice Messieurs<\/a><\/h2><\/header><div class=\"eael-entry-content\">\n                        <div class=\"eael-grid-post-excerpt\"><p><\/p><\/div>\n                    <\/div><\/div><\/div>\n        <\/div>\n    <\/article><article class=\"eael-grid-post  eael-post-grid-column eael-pg-post-3521 category-2017-competitions-competitions-artistiques\" data-id=\"3521\">\n        <div class=\"eael-grid-post-holder\">\n            <div class=\"eael-grid-post-holder-inner\"><div class=\"eael-entry-wrapper\"><header class=\"eael-entry-header\"><h2 class=\"eael-entry-title\"><a class=\"eael-grid-post-link\" href=\"https:\/\/epwlm.com\/index.php\/2017\/11\/12\/tdf-n1-senior-couple\/\" title=\"TDF &#8211; N1 SENIOR COUPLE\">TDF &#8211; N1 SENIOR COUPLE<\/a><\/h2><\/header><div class=\"eael-entry-content\">\n                        <div class=\"eael-grid-post-excerpt\"><p><\/p><\/div>\n                    <\/div><\/div><\/div>\n        <\/div>\n    <\/article><article class=\"eael-grid-post  eael-post-grid-column eael-pg-post-3517 category-2017-competitions-competitions-artistiques\" data-id=\"3517\">\n        <div class=\"eael-grid-post-holder\">\n            <div class=\"eael-grid-post-holder-inner\"><div class=\"eael-entry-wrapper\"><header class=\"eael-entry-header\"><h2 class=\"eael-entry-title\"><a class=\"eael-grid-post-link\" href=\"https:\/\/epwlm.com\/index.php\/2017\/11\/12\/tdf-n1-junior-dame\/\" title=\"TDF &#8211; N1 junior Dame\">TDF &#8211; N1 junior Dame<\/a><\/h2><\/header><div class=\"eael-entry-content\">\n                        <div class=\"eael-grid-post-excerpt\"><p><\/p><\/div>\n                    <\/div><\/div><\/div>\n        <\/div>\n    <\/article><article class=\"eael-grid-post  eael-post-grid-column eael-pg-post-3514 category-2017-competitions\" data-id=\"3514\">\n        <div class=\"eael-grid-post-holder\">\n            <div class=\"eael-grid-post-holder-inner\"><div class=\"eael-entry-wrapper\"><header class=\"eael-entry-header\"><h2 class=\"eael-entry-title\"><a class=\"eael-grid-post-link\" href=\"https:\/\/epwlm.com\/index.php\/2017\/11\/12\/tdf-n3-senior-dame\/\" title=\"TDF &#8211; N3 Senior Dame\">TDF &#8211; N3 Senior Dame<\/a><\/h2><\/header><div class=\"eael-entry-content\">\n                        <div class=\"eael-grid-post-excerpt\"><p><\/p><\/div>\n                    <\/div><\/div><\/div>\n        <\/div>\n    <\/article><article class=\"eael-grid-post  eael-post-grid-column eael-pg-post-3511 category-2017-competitions-competitions-artistiques-wasquehal\" data-id=\"3511\">\n        <div class=\"eael-grid-post-holder\">\n            <div class=\"eael-grid-post-holder-inner\"><div class=\"eael-entry-wrapper\"><header class=\"eael-entry-header\"><h2 class=\"eael-entry-title\"><a class=\"eael-grid-post-link\" href=\"https:\/\/epwlm.com\/index.php\/2017\/11\/12\/tdf-n1-senior-couple-apres-programme-court\/\" title=\"TDF &#8211; N1 senior couple apres programme court\">TDF &#8211; N1 senior couple apres programme court<\/a><\/h2><\/header><div class=\"eael-entry-content\">\n                        <div class=\"eael-grid-post-excerpt\"><p><\/p><\/div>\n                    <\/div><\/div><\/div>\n        <\/div>\n    <\/article><article class=\"eael-grid-post  eael-post-grid-column eael-pg-post-3508 category-2017-competitions-competitions-artistiques-non-classe-wasquehal\" data-id=\"3508\">\n        <div class=\"eael-grid-post-holder\">\n            <div class=\"eael-grid-post-holder-inner\"><div class=\"eael-entry-wrapper\"><header class=\"eael-entry-header\"><h2 class=\"eael-entry-title\"><a class=\"eael-grid-post-link\" href=\"https:\/\/epwlm.com\/index.php\/2017\/11\/12\/tdf-n1-senior-apres-programme-court\/\" title=\"TDF &#8211; N1 senior apres programme court\">TDF &#8211; N1 senior apres programme court<\/a><\/h2><\/header><div class=\"eael-entry-content\">\n                        <div class=\"eael-grid-post-excerpt\"><p><\/p><\/div>\n                    <\/div><\/div><\/div>\n        <\/div>\n    <\/article><article class=\"eael-grid-post  eael-post-grid-column eael-pg-post-3505 category-2017-competitions-competitions-artistiques-non-classe-wasquehal\" data-id=\"3505\">\n        <div class=\"eael-grid-post-holder\">\n            <div class=\"eael-grid-post-holder-inner\"><div class=\"eael-entry-wrapper\"><header class=\"eael-entry-header\"><h2 class=\"eael-entry-title\"><a class=\"eael-grid-post-link\" href=\"https:\/\/epwlm.com\/index.php\/2017\/11\/12\/tdf-n1-junior-dame-apres-programme-court\/\" title=\"TDF &#8211; N1 junior Dame apres programme court\">TDF &#8211; N1 junior Dame apres programme court<\/a><\/h2><\/header><div class=\"eael-entry-content\">\n                        <div class=\"eael-grid-post-excerpt\"><p><\/p><\/div>\n                    <\/div><\/div><\/div>\n        <\/div>\n    <\/article><article class=\"eael-grid-post  eael-post-grid-column eael-pg-post-3502 category-2017-competitions-competitions-artistiques-wasquehal\" data-id=\"3502\">\n        <div class=\"eael-grid-post-holder\">\n            <div class=\"eael-grid-post-holder-inner\"><div class=\"eael-entry-wrapper\"><header class=\"eael-entry-header\"><h2 class=\"eael-entry-title\"><a class=\"eael-grid-post-link\" href=\"https:\/\/epwlm.com\/index.php\/2017\/11\/12\/tdf-n1-novice-dame-apres-programme-court\/\" title=\"TDF &#8211; N1 novice Dame apr\u00e8s programme court\">TDF &#8211; N1 novice Dame apr\u00e8s programme court<\/a><\/h2><\/header><div class=\"eael-entry-content\">\n                        <div class=\"eael-grid-post-excerpt\"><p><\/p><\/div>\n                    <\/div><\/div><\/div>\n        <\/div>\n    <\/article><article class=\"eael-grid-post  eael-post-grid-column eael-pg-post-3498 category-2017-competitions-competitions-artistiques-non-classe-wasquehal\" data-id=\"3498\">\n        <div class=\"eael-grid-post-holder\">\n            <div class=\"eael-grid-post-holder-inner\"><div class=\"eael-entry-wrapper\"><header class=\"eael-entry-header\"><h2 class=\"eael-entry-title\"><a class=\"eael-grid-post-link\" href=\"https:\/\/epwlm.com\/index.php\/2017\/11\/12\/tdf\/\" title=\"TDF &#8211; N2 junior Dame\">TDF &#8211; N2 junior Dame<\/a><\/h2><\/header><div class=\"eael-entry-content\">\n                        <div class=\"eael-grid-post-excerpt\"><p><\/p><\/div>\n                    <\/div><\/div><\/div>\n        <\/div>\n    <\/article><article class=\"eael-grid-post  eael-post-grid-column eael-pg-post-3495 category-2017-competitions-competitions-artistiques-non-classe-wasquehal\" data-id=\"3495\">\n        <div class=\"eael-grid-post-holder\">\n            <div class=\"eael-grid-post-holder-inner\"><div class=\"eael-entry-wrapper\"><header class=\"eael-entry-header\"><h2 class=\"eael-entry-title\"><a class=\"eael-grid-post-link\" href=\"https:\/\/epwlm.com\/index.php\/2017\/11\/12\/tdf-n2-junior-messieurs\/\" title=\"TDF &#8211; N2 Junior Messieurs\">TDF &#8211; N2 Junior Messieurs<\/a><\/h2><\/header><div class=\"eael-entry-content\">\n                        <div class=\"eael-grid-post-excerpt\"><p><\/p><\/div>\n                    <\/div><\/div><\/div>\n        <\/div>\n    <\/article><article class=\"eael-grid-post  eael-post-grid-column eael-pg-post-3492 category-2017-competitions-competitions-artistiques-non-classe-wasquehal\" data-id=\"3492\">\n        <div class=\"eael-grid-post-holder\">\n            <div class=\"eael-grid-post-holder-inner\"><div class=\"eael-entry-wrapper\"><header class=\"eael-entry-header\"><h2 class=\"eael-entry-title\"><a class=\"eael-grid-post-link\" href=\"https:\/\/epwlm.com\/index.php\/2017\/11\/12\/tdf-n2-novice-dame\/\" title=\"TDF &#8211; N2 Novice Dame\">TDF &#8211; N2 Novice Dame<\/a><\/h2><\/header><div class=\"eael-entry-content\">\n                        <div class=\"eael-grid-post-excerpt\"><p><\/p><\/div>\n                    <\/div><\/div><\/div>\n        <\/div>\n    <\/article><\/div>\n            <div class=\"clearfix\"><\/div>\n        <\/div>            <div class=\"eael-load-more-button-wrap\">\n                <button class=\"eael-load-more-button\" id=\"eael-load-more-btn-c9ebc0e\" data-widget-id=\"c9ebc0e\" data-widget=\"c9ebc0e\" data-page-id=\"6199\" data-template=\"{&quot;dir&quot;:&quot;lite&quot;,&quot;file_name&quot;:&quot;one.php&quot;,&quot;name&quot;:&quot;Post-Grid&quot;}\" data-class=\"Essential_Addons_Elementor\\Elements\\Post_Grid\" data-layout=\"masonry\" data-page=\"1\" data-args=\"orderby=date&amp;order=desc&amp;ignore_sticky_posts=1&amp;post_status=publish&amp;posts_per_page=20&amp;offset=0&amp;post_type=post&amp;tax_query%5B0%5D%5Btaxonomy%5D=category&amp;tax_query%5B0%5D%5Bfield%5D=term_id&amp;tax_query%5B0%5D%5Bterms%5D%5B0%5D=82&amp;tax_query%5Brelation%5D=AND\" data-max-page=\"4\">\n                    <span class=\"eael-btn-loader button__loader\"><\/span>\n                    <span class=\"eael_load_more_text\">Load More<\/span>\n                <\/button>\n            <\/div>\n            \t\t\t\t<\/div>\n\t\t\t\t<\/div>\n\t\t\t\t\t<\/div>\n\t\t<\/div>\n\t\t\t\t\t<\/div>\n\t\t<\/section>\n\t\t\t\t<\/div>\n\t\t","protected":false},"excerpt":{"rendered":"<p>Gala de Noel 2017 En direct du gala de No\u00ebl &#8230;.ambiance fluo avec tous les groupes loisirs.. GALA No\u00ebl &#8211; 17 d\u00e9cembre 2017 Le Gala EPWLM pour un NOEL Fluo ce soir dimanche 17 D\u00e9cembre de 18h30 \u00e0 21h30 \u00e0 la patinoire Serge&#8230; ARTISTIQUE &#8211; 10 decembre &#8211; BEFFROIS &#8211; Coupe R\u00e9gionale Beffrois N3 et&hellip;&nbsp;<a href=\"https:\/\/epwlm.com\/index.php\/2017\/11\/12\/tdf-n2-novice-dame\/\" rel=\"bookmark\">Lire la suite &raquo;<span class=\"screen-reader-text\">TDF &#8211; N2 Novice Dame<\/span><\/a><\/p>\n","protected":false},"author":1,"featured_media":0,"parent":0,"menu_order":0,"comment_status":"closed","ping_status":"closed","template":"","meta":{"_monsterinsights_skip_tracking":false,"_monsterinsights_sitenote_active":false,"_monsterinsights_sitenote_note":"","_monsterinsights_sitenote_category":0,"neve_meta_sidebar":"","neve_meta_container":"","neve_meta_enable_content_width":"off","neve_meta_content_width":0,"neve_meta_title_alignment":"","neve_meta_author_avatar":"","neve_post_elements_order":"","neve_meta_disable_header":"","neve_meta_disable_footer":"","neve_meta_disable_title":"","ngg_post_thumbnail":0,"jetpack_post_was_ever_published":false,"footnotes":""},"class_list":["post-6199","page","type-page","status-publish","hentry"],"jetpack_sharing_enabled":true,"jetpack_shortlink":"https:\/\/wp.me\/P9UovH-1BZ","_links":{"self":[{"href":"https:\/\/epwlm.com\/index.php\/wp-json\/wp\/v2\/pages\/6199","targetHints":{"allow":["GET"]}}],"collection":[{"href":"https:\/\/epwlm.com\/index.php\/wp-json\/wp\/v2\/pages"}],"about":[{"href":"https:\/\/epwlm.com\/index.php\/wp-json\/wp\/v2\/types\/page"}],"author":[{"embeddable":true,"href":"https:\/\/epwlm.com\/index.php\/wp-json\/wp\/v2\/users\/1"}],"replies":[{"embeddable":true,"href":"https:\/\/epwlm.com\/index.php\/wp-json\/wp\/v2\/comments?post=6199"}],"version-history":[{"count":16,"href":"https:\/\/epwlm.com\/index.php\/wp-json\/wp\/v2\/pages\/6199\/revisions"}],"predecessor-version":[{"id":9750,"href":"https:\/\/epwlm.com\/index.php\/wp-json\/wp\/v2\/pages\/6199\/revisions\/9750"}],"wp:attachment":[{"href":"https:\/\/epwlm.com\/index.php\/wp-json\/wp\/v2\/media?parent=6199"}],"curies":[{"name":"wp","href":"https:\/\/api.w.org\/{rel}","templated":true}]}}