{"id":6377,"date":"2019-10-25T22:41:34","date_gmt":"2019-10-25T20:41:34","guid":{"rendered":"https:\/\/epwlm.com\/?page_id=6377"},"modified":"2020-03-21T02:57:22","modified_gmt":"2020-03-21T01:57:22","slug":"stages","status":"publish","type":"page","link":"https:\/\/epwlm.com\/index.php\/stages\/","title":{"rendered":"Stages"},"content":{"rendered":"\t\t<div data-elementor-type=\"wp-page\" data-elementor-id=\"6377\" class=\"elementor elementor-6377\">\n\t\t\t\t\t\t<section class=\"elementor-section elementor-top-section elementor-element elementor-element-3491031 elementor-section-boxed elementor-section-height-default elementor-section-height-default\" data-id=\"3491031\" data-element_type=\"section\" data-e-type=\"section\">\n\t\t\t\t\t\t<div class=\"elementor-container elementor-column-gap-default\">\n\t\t\t\t\t<div class=\"elementor-column elementor-col-100 elementor-top-column elementor-element elementor-element-22e05eb\" data-id=\"22e05eb\" data-element_type=\"column\" data-e-type=\"column\">\n\t\t\t<div class=\"elementor-widget-wrap elementor-element-populated\">\n\t\t\t\t\t\t<div class=\"elementor-element elementor-element-b34d3f3 elementor-grid-eael-col-2 elementor-grid-tablet-eael-col-2 elementor-grid-mobile-eael-col-1 elementor-widget elementor-widget-eael-post-grid\" data-id=\"b34d3f3\" data-element_type=\"widget\" data-e-type=\"widget\" data-settings=\"{&quot;eael_post_grid_columns&quot;:&quot;eael-col-2&quot;,&quot;eael_post_grid_columns_tablet&quot;:&quot;eael-col-2&quot;,&quot;eael_post_grid_columns_mobile&quot;:&quot;eael-col-1&quot;}\" data-widget_type=\"eael-post-grid.default\">\n\t\t\t\t<div class=\"elementor-widget-container\">\n\t\t\t\t\t<div id=\"eael-post-grid-b34d3f3\" class=\"eael-post-grid-container\">\n            <div class=\"eael-post-grid eael-post-appender eael-post-appender-b34d3f3 eael-post-grid-style-one\" data-layout-mode=\"masonry\"><article class=\"eael-grid-post  eael-post-grid-column eael-pg-post-13105 category-2021-gala-stages\" data-id=\"13105\">\n        <div class=\"eael-grid-post-holder\">\n            <div class=\"eael-grid-post-holder-inner\"><div class=\"eael-entry-wrapper\"><header class=\"eael-entry-header\"><h2 class=\"eael-entry-title\"><a class=\"eael-grid-post-link\" href=\"https:\/\/epwlm.com\/index.php\/2021\/11\/22\/medailles\/\" title=\"M\u00e9dailles\">M\u00e9dailles<\/a><\/h2><\/header><div class=\"eael-entry-content\">\n                        <div class=\"eael-grid-post-excerpt\"><p>F\u00e9licitations \u00e0 nos 2 patineuses qui valident officiellement leur medaille Argent pour Olivia masurel qui va rejoindre la cat\u00e9gorie N1. Pr\u00e9paratoire et pre-bronze pour constance Mesnil qui passe avec ce doubl\u00e9 de la cat\u00e9gorie f\u00e9d\u00e9rale en National 2<\/p><\/div>\n                    <\/div><\/div><\/div>\n        <\/div>\n    <\/article><article class=\"eael-grid-post  eael-post-grid-column eael-pg-post-13081 category-2021-stages\" data-id=\"13081\">\n        <div class=\"eael-grid-post-holder\">\n            <div class=\"eael-grid-post-holder-inner\"><div class=\"eael-entry-wrapper\"><header class=\"eael-entry-header\"><h2 class=\"eael-entry-title\"><a class=\"eael-grid-post-link\" href=\"https:\/\/epwlm.com\/index.php\/2021\/11\/06\/seminaire-isu-pour-matteo-lyon\/\" title=\"S\u00e9minaire ISU pour Matteo &#8211; Lyon\">S\u00e9minaire ISU pour Matteo &#8211; Lyon<\/a><\/h2><\/header><div class=\"eael-entry-content\">\n                        <div class=\"eael-grid-post-excerpt\"><p>Notre Entraineur Matteo Epwlm Ottaviani a pu suivre pendant ses vacances le s\u00e9minaire ISU des Officiels de l&#8217;arbitrage en Patinage Synchronis\u00e9 \u00e0 Lyon. Merci \u00e0 Catherine Glaise membre de la DTN pour avoir propos\u00e9 ce stage \u00e0 notre entraineur. Une...<\/p><\/div>\n                    <\/div><\/div><\/div>\n        <\/div>\n    <\/article><article class=\"eael-grid-post  eael-post-grid-column eael-pg-post-10518 category-2020-competitions-danses-stages\" data-id=\"10518\">\n        <div class=\"eael-grid-post-holder\">\n            <div class=\"eael-grid-post-holder-inner\"><div class=\"eael-entry-wrapper\"><header class=\"eael-entry-header\"><h2 class=\"eael-entry-title\"><a class=\"eael-grid-post-link\" href=\"https:\/\/epwlm.com\/index.php\/2020\/08\/29\/danse-juillet-2020-stage-valenciennes\/\" title=\"DANSE &#8211; juillet 2020 &#8211; stage Valenciennes\">DANSE &#8211; juillet 2020 &#8211; stage Valenciennes<\/a><\/h2><\/header><div class=\"eael-entry-content\">\n                        <div class=\"eael-grid-post-excerpt\"><p>Retour en image sur le dernier jour de stage sur Valenciennes&#8230; Une tr\u00e8s belle derni\u00e8re journ\u00e9e sous le signe du travail et de la bonne humeur&#8230;Au programme : Glace \/ PPG\/ MC do\/ Times Up et Loup Garou \/ Cin\u00e9ma...<\/p><\/div>\n                    <\/div><\/div><\/div>\n        <\/div>\n    <\/article><article class=\"eael-grid-post  eael-post-grid-column eael-pg-post-10510 category-2020-competitions-danses-stages\" data-id=\"10510\">\n        <div class=\"eael-grid-post-holder\">\n            <div class=\"eael-grid-post-holder-inner\"><div class=\"eael-entry-wrapper\"><header class=\"eael-entry-header\"><h2 class=\"eael-entry-title\"><a class=\"eael-grid-post-link\" href=\"https:\/\/epwlm.com\/index.php\/2020\/07\/19\/danse-juillet-stage-dunkerque\/\" title=\"DANSE &#8211; juillet &#8211; stage Dunkerque\">DANSE &#8211; juillet &#8211; stage Dunkerque<\/a><\/h2><\/header><div class=\"eael-entry-content\">\n                        <div class=\"eael-grid-post-excerpt\"><p>Une tr\u00e8s chouette fin de stage \u00e0 Dunkerque\u00a0\u2764\ufe0fBonnes vacances \u00e0 tous et rdv fin ao\u00fbt \u00e0 Wasquehal !\u00a0Bisous\u00a0de nous\u00a0\ud83d\ude18\ud83d\ude18<\/p><\/div>\n                    <\/div><\/div><\/div>\n        <\/div>\n    <\/article><article class=\"eael-grid-post  eael-post-grid-column eael-pg-post-9219 category-2020-stages\" data-id=\"9219\">\n        <div class=\"eael-grid-post-holder\">\n            <div class=\"eael-grid-post-holder-inner\"><div class=\"eael-entry-wrapper\"><header class=\"eael-entry-header\"><h2 class=\"eael-entry-title\"><a class=\"eael-grid-post-link\" href=\"https:\/\/epwlm.com\/index.php\/2020\/03\/02\/stages-fevrier-2020\/\" title=\"Danse &#8211; Stages &#8211; f\u00e9vrier 2020\">Danse &#8211; Stages &#8211; f\u00e9vrier 2020<\/a><\/h2><\/header><div class=\"eael-entry-content\">\n                        <div class=\"eael-grid-post-excerpt\"><p>Apr\u00e8s 2 semaines de stage pour nos comp\u00e9titeurs le club reprend le planning habituel.. La semaine derni\u00e8re, pour le stage de Danse sur Glace , nous avons eu le plaisir d&#8217;accueillir les patineurs du club du Havre avec leur entraineur...<\/p><\/div>\n                    <\/div><\/div><\/div>\n        <\/div>\n    <\/article><article class=\"eael-grid-post  eael-post-grid-column eael-pg-post-5173 category-2018-stages\" data-id=\"5173\">\n        <div class=\"eael-grid-post-holder\">\n            <div class=\"eael-grid-post-holder-inner\"><div class=\"eael-entry-wrapper\"><header class=\"eael-entry-header\"><h2 class=\"eael-entry-title\"><a class=\"eael-grid-post-link\" href=\"https:\/\/epwlm.com\/index.php\/2018\/11\/03\/fin-du-stage-de-toussaint-2018-danseurs\/\" title=\"Fin du stage de Toussaint 2018- Danseurs\">Fin du stage de Toussaint 2018- Danseurs<\/a><\/h2><\/header><div class=\"eael-entry-content\">\n                        <div class=\"eael-grid-post-excerpt\"><p>Ainsi s&#8217;ach\u00e8ve ce jour le stage des danseurs.. Un grand merci pour l&#8217;implication de Martina la chor\u00e9graphe Italienne et celle d&#8217;Oph\u00e9lie directrice de l&#8217;\u00e9cole de Danse ODEYA. Cours de Danse au sol mais aussi pr\u00e9sence d&#8217;Oph\u00e9lie \u00e0 la patinoire ce...<\/p><\/div>\n                    <\/div><\/div><\/div>\n        <\/div>\n    <\/article><article class=\"eael-grid-post  eael-post-grid-column eael-pg-post-5168 category-2018-stages\" data-id=\"5168\">\n        <div class=\"eael-grid-post-holder\">\n            <div class=\"eael-grid-post-holder-inner\"><div class=\"eael-entry-wrapper\"><header class=\"eael-entry-header\"><h2 class=\"eael-entry-title\"><a class=\"eael-grid-post-link\" href=\"https:\/\/epwlm.com\/index.php\/2018\/10\/31\/stage-de-la-toussaint-avec-les-danseurs\/\" title=\"stage de la toussaint avec les Danseurs\">stage de la toussaint avec les Danseurs<\/a><\/h2><\/header><div class=\"eael-entry-content\">\n                        <div class=\"eael-grid-post-excerpt\"><p>Cette semaine lors du stage de la toussaint avec les Danseurs nous d\u00e9marrons notre collaboration avec l&#8217;\u00e9cole de Danse ODEYA sous la Direction d&#8217;Oph\u00e9lie. Premiers pas sur le parquet pour les Danseurs Nationaux et Jeunes Couples avec au programme Valse,...<\/p><\/div>\n                    <\/div><\/div><\/div>\n        <\/div>\n    <\/article><article class=\"eael-grid-post  eael-post-grid-column eael-pg-post-5159 category-2018-stages\" data-id=\"5159\">\n        <div class=\"eael-grid-post-holder\">\n            <div class=\"eael-grid-post-holder-inner\"><div class=\"eael-entry-wrapper\"><header class=\"eael-entry-header\"><h2 class=\"eael-entry-title\"><a class=\"eael-grid-post-link\" href=\"https:\/\/epwlm.com\/index.php\/2018\/10\/23\/formation-de-nos-initiateurs\/\" title=\"formation de nos initiateurs\">formation de nos initiateurs<\/a><\/h2><\/header><div class=\"eael-entry-content\">\n                        <div class=\"eael-grid-post-excerpt\"><p>Hier c&#8217;\u00e9tait la premi\u00e8re formation de nos initiateurs avec nos la contribution de nos 2 entraineurs Matt\u00e9o OTTAVIANI et R\u00e9my LEGOFF.. L&#8217;occasion pour le club de mettre en avant ses nouvelles couleurs ! Un grand merci \u00e0 Daniela Rotulo s&#8217;occupe...<\/p><\/div>\n                    <\/div><\/div><\/div>\n        <\/div>\n    <\/article><article class=\"eael-grid-post  eael-post-grid-column eael-pg-post-3992 category-2018-stages-wasquehal\" data-id=\"3992\">\n        <div class=\"eael-grid-post-holder\">\n            <div class=\"eael-grid-post-holder-inner\"><div class=\"eael-entry-wrapper\"><header class=\"eael-entry-header\"><h2 class=\"eael-entry-title\"><a class=\"eael-grid-post-link\" href=\"https:\/\/epwlm.com\/index.php\/2018\/02\/07\/stage-de-fevrier-2018-horaire-et-inscriptions\/\" title=\"Stage de F\u00e9vrier 2018 &#8211; horaires et inscriptions\">Stage de F\u00e9vrier 2018 &#8211; horaires et inscriptions<\/a><\/h2><\/header><div class=\"eael-entry-content\">\n                        <div class=\"eael-grid-post-excerpt\"><p>[dg attachment_pg=&#8221;false&#8221; new_window=&#8221;true&#8221; ids=&#8221;4002&#8243;] &nbsp; &nbsp; [pdf-embedder url=&#8221;http:\/\/www.nhju.eu\/wordpress\/epwlm\/wp-content\/uploads\/sites\/3\/2018\/02\/STAGE-FEVRIER-2018-inscription-V2.pdf&#8221; title=&#8221;STAGE FEVRIER &#8211; 2018 inscription &#8211; V2&#8243;]<\/p><\/div>\n                    <\/div><\/div><\/div>\n        <\/div>\n    <\/article><\/div>\n            <div class=\"clearfix\"><\/div>\n        <\/div>\t\t\t\t<\/div>\n\t\t\t\t<\/div>\n\t\t\t\t\t<\/div>\n\t\t<\/div>\n\t\t\t\t\t<\/div>\n\t\t<\/section>\n\t\t\t\t<\/div>\n\t\t","protected":false},"excerpt":{"rendered":"<p>Danse &#8211; Stages &#8211; f\u00e9vrier 2020 Apr\u00e8s 2 semaines de stage pour nos comp\u00e9titeurs le club reprend le planning habituel.. La semaine derni\u00e8re, pour le stage de Danse sur Glace , nous avons eu le plaisir d&#8217;accueillir les patineurs du club du Havre avec leur entraineur&#8230; Fin du stage de Toussaint 2018- Danseurs Ainsi s&#8217;ach\u00e8ve&hellip;&nbsp;<a href=\"https:\/\/epwlm.com\/index.php\/2018\/02\/07\/stage-de-fevrier-2018-horaire-et-inscriptions\/\" rel=\"bookmark\">Lire la suite &raquo;<span class=\"screen-reader-text\">Stage de F\u00e9vrier 2018 &#8211; horaires et inscriptions<\/span><\/a><\/p>\n","protected":false},"author":1,"featured_media":0,"parent":0,"menu_order":0,"comment_status":"closed","ping_status":"closed","template":"","meta":{"_monsterinsights_skip_tracking":false,"_monsterinsights_sitenote_active":false,"_monsterinsights_sitenote_note":"","_monsterinsights_sitenote_category":0,"neve_meta_sidebar":"","neve_meta_container":"","neve_meta_enable_content_width":"","neve_meta_content_width":0,"neve_meta_title_alignment":"","neve_meta_author_avatar":"","neve_post_elements_order":"","neve_meta_disable_header":"","neve_meta_disable_footer":"","neve_meta_disable_title":"","ngg_post_thumbnail":0,"jetpack_post_was_ever_published":false,"footnotes":""},"class_list":["post-6377","page","type-page","status-publish","hentry"],"jetpack_sharing_enabled":true,"jetpack_shortlink":"https:\/\/wp.me\/P9UovH-1ER","_links":{"self":[{"href":"https:\/\/epwlm.com\/index.php\/wp-json\/wp\/v2\/pages\/6377","targetHints":{"allow":["GET"]}}],"collection":[{"href":"https:\/\/epwlm.com\/index.php\/wp-json\/wp\/v2\/pages"}],"about":[{"href":"https:\/\/epwlm.com\/index.php\/wp-json\/wp\/v2\/types\/page"}],"author":[{"embeddable":true,"href":"https:\/\/epwlm.com\/index.php\/wp-json\/wp\/v2\/users\/1"}],"replies":[{"embeddable":true,"href":"https:\/\/epwlm.com\/index.php\/wp-json\/wp\/v2\/comments?post=6377"}],"version-history":[{"count":7,"href":"https:\/\/epwlm.com\/index.php\/wp-json\/wp\/v2\/pages\/6377\/revisions"}],"predecessor-version":[{"id":9824,"href":"https:\/\/epwlm.com\/index.php\/wp-json\/wp\/v2\/pages\/6377\/revisions\/9824"}],"wp:attachment":[{"href":"https:\/\/epwlm.com\/index.php\/wp-json\/wp\/v2\/media?parent=6377"}],"curies":[{"name":"wp","href":"https:\/\/api.w.org\/{rel}","templated":true}]}}

<div data-elementor-type="wp-page" data-elementor-id="6377" class="elementor elementor-6377">
						<section class="elementor-section elementor-top-section elementor-element elementor-element-3491031 elementor-section-boxed elementor-section-height-default elementor-section-height-default" data-id="3491031" data-element_type="section" data-e-type="section">
						<div class="elementor-container elementor-column-gap-default">
					<div class="elementor-column elementor-col-100 elementor-top-column elementor-element elementor-element-22e05eb" data-id="22e05eb" data-element_type="column" data-e-type="column">
			<div class="elementor-widget-wrap elementor-element-populated">
						<div class="elementor-element elementor-element-b34d3f3 elementor-grid-eael-col-2 elementor-grid-tablet-eael-col-2 elementor-grid-mobile-eael-col-1 elementor-widget elementor-widget-eael-post-grid" data-id="b34d3f3" data-element_type="widget" data-e-type="widget" data-settings="{&quot;eael_post_grid_columns&quot;:&quot;eael-col-2&quot;,&quot;eael_post_grid_columns_tablet&quot;:&quot;eael-col-2&quot;,&quot;eael_post_grid_columns_mobile&quot;:&quot;eael-col-1&quot;}" data-widget_type="eael-post-grid.default">
				<div class="elementor-widget-container">
					<div id="eael-post-grid-b34d3f3" class="eael-post-grid-container">
            <div class="eael-post-grid eael-post-appender eael-post-appender-b34d3f3 eael-post-grid-style-one" data-layout-mode="masonry"><article class="eael-grid-post  eael-post-grid-column eael-pg-post-13105 category-2021-gala-stages" data-id="13105">
        <div class="eael-grid-post-holder">
            <div class="eael-grid-post-holder-inner"><div class="eael-entry-wrapper"><header class="eael-entry-header"><h2 class="eael-entry-title"><a class="eael-grid-post-link" href="https://epwlm.com/index.php/2021/11/22/medailles/" title="Médailles">Médailles</a></h2></header><div class="eael-entry-content">
                        <div class="eael-grid-post-excerpt"><p>Félicitations à nos 2 patineuses qui valident officiellement leur medaille Argent pour Olivia masurel qui va rejoindre la catégorie N1. Préparatoire et pre-bronze pour constance Mesnil qui passe avec ce doublé de la catégorie fédérale en National 2</p></div>
                    </div></div></div>
        </div>
    </article><article class="eael-grid-post  eael-post-grid-column eael-pg-post-13081 category-2021-stages" data-id="13081">
        <div class="eael-grid-post-holder">
            <div class="eael-grid-post-holder-inner"><div class="eael-entry-wrapper"><header class="eael-entry-header"><h2 class="eael-entry-title"><a class="eael-grid-post-link" href="https://epwlm.com/index.php/2021/11/06/seminaire-isu-pour-matteo-lyon/" title="Séminaire ISU pour Matteo &#8211; Lyon">Séminaire ISU pour Matteo &#8211; Lyon</a></h2></header><div class="eael-entry-content">
                        <div class="eael-grid-post-excerpt"><p>Notre Entraineur Matteo Epwlm Ottaviani a pu suivre pendant ses vacances le séminaire ISU des Officiels de l&#8217;arbitrage en Patinage Synchronisé à Lyon. Merci à Catherine Glaise membre de la DTN pour avoir proposé ce stage à notre entraineur. Une...</p></div>
                    </div></div></div>
        </div>
    </article><article class="eael-grid-post  eael-post-grid-column eael-pg-post-10518 category-2020-competitions-danses-stages" data-id="10518">
        <div class="eael-grid-post-holder">
            <div class="eael-grid-post-holder-inner"><div class="eael-entry-wrapper"><header class="eael-entry-header"><h2 class="eael-entry-title"><a class="eael-grid-post-link" href="https://epwlm.com/index.php/2020/08/29/danse-juillet-2020-stage-valenciennes/" title="DANSE &#8211; juillet 2020 &#8211; stage Valenciennes">DANSE &#8211; juillet 2020 &#8211; stage Valenciennes</a></h2></header><div class="eael-entry-content">
                        <div class="eael-grid-post-excerpt"><p>Retour en image sur le dernier jour de stage sur Valenciennes&#8230; Une très belle dernière journée sous le signe du travail et de la bonne humeur&#8230;Au programme : Glace / PPG/ MC do/ Times Up et Loup Garou / Cinéma...</p></div>
                    </div></div></div>
        </div>
    </article><article class="eael-grid-post  eael-post-grid-column eael-pg-post-10510 category-2020-competitions-danses-stages" data-id="10510">
        <div class="eael-grid-post-holder">
            <div class="eael-grid-post-holder-inner"><div class="eael-entry-wrapper"><header class="eael-entry-header"><h2 class="eael-entry-title"><a class="eael-grid-post-link" href="https://epwlm.com/index.php/2020/07/19/danse-juillet-stage-dunkerque/" title="DANSE &#8211; juillet &#8211; stage Dunkerque">DANSE &#8211; juillet &#8211; stage Dunkerque</a></h2></header><div class="eael-entry-content">
                        <div class="eael-grid-post-excerpt"><p>Une très chouette fin de stage à Dunkerque ❤️Bonnes vacances à tous et rdv fin août à Wasquehal ! Bisous de nous 😘😘</p></div>
                    </div></div></div>
        </div>
    </article><article class="eael-grid-post  eael-post-grid-column eael-pg-post-9219 category-2020-stages" data-id="9219">
        <div class="eael-grid-post-holder">
            <div class="eael-grid-post-holder-inner"><div class="eael-entry-wrapper"><header class="eael-entry-header"><h2 class="eael-entry-title"><a class="eael-grid-post-link" href="https://epwlm.com/index.php/2020/03/02/stages-fevrier-2020/" title="Danse &#8211; Stages &#8211; février 2020">Danse &#8211; Stages &#8211; février 2020</a></h2></header><div class="eael-entry-content">
                        <div class="eael-grid-post-excerpt"><p>Après 2 semaines de stage pour nos compétiteurs le club reprend le planning habituel.. La semaine dernière, pour le stage de Danse sur Glace , nous avons eu le plaisir d&#8217;accueillir les patineurs du club du Havre avec leur entraineur...</p></div>
                    </div></div></div>
        </div>
    </article><article class="eael-grid-post  eael-post-grid-column eael-pg-post-5173 category-2018-stages" data-id="5173">
        <div class="eael-grid-post-holder">
            <div class="eael-grid-post-holder-inner"><div class="eael-entry-wrapper"><header class="eael-entry-header"><h2 class="eael-entry-title"><a class="eael-grid-post-link" href="https://epwlm.com/index.php/2018/11/03/fin-du-stage-de-toussaint-2018-danseurs/" title="Fin du stage de Toussaint 2018- Danseurs">Fin du stage de Toussaint 2018- Danseurs</a></h2></header><div class="eael-entry-content">
                        <div class="eael-grid-post-excerpt"><p>Ainsi s&#8217;achève ce jour le stage des danseurs.. Un grand merci pour l&#8217;implication de Martina la chorégraphe Italienne et celle d&#8217;Ophélie directrice de l&#8217;école de Danse ODEYA. Cours de Danse au sol mais aussi présence d&#8217;Ophélie à la patinoire ce...</p></div>
                    </div></div></div>
        </div>
    </article><article class="eael-grid-post  eael-post-grid-column eael-pg-post-5168 category-2018-stages" data-id="5168">
        <div class="eael-grid-post-holder">
            <div class="eael-grid-post-holder-inner"><div class="eael-entry-wrapper"><header class="eael-entry-header"><h2 class="eael-entry-title"><a class="eael-grid-post-link" href="https://epwlm.com/index.php/2018/10/31/stage-de-la-toussaint-avec-les-danseurs/" title="stage de la toussaint avec les Danseurs">stage de la toussaint avec les Danseurs</a></h2></header><div class="eael-entry-content">
                        <div class="eael-grid-post-excerpt"><p>Cette semaine lors du stage de la toussaint avec les Danseurs nous démarrons notre collaboration avec l&#8217;école de Danse ODEYA sous la Direction d&#8217;Ophélie. Premiers pas sur le parquet pour les Danseurs Nationaux et Jeunes Couples avec au programme Valse,...</p></div>
                    </div></div></div>
        </div>
    </article><article class="eael-grid-post  eael-post-grid-column eael-pg-post-5159 category-2018-stages" data-id="5159">
        <div class="eael-grid-post-holder">
            <div class="eael-grid-post-holder-inner"><div class="eael-entry-wrapper"><header class="eael-entry-header"><h2 class="eael-entry-title"><a class="eael-grid-post-link" href="https://epwlm.com/index.php/2018/10/23/formation-de-nos-initiateurs/" title="formation de nos initiateurs">formation de nos initiateurs</a></h2></header><div class="eael-entry-content">
                        <div class="eael-grid-post-excerpt"><p>Hier c&#8217;était la première formation de nos initiateurs avec nos la contribution de nos 2 entraineurs Mattéo OTTAVIANI et Rémy LEGOFF.. L&#8217;occasion pour le club de mettre en avant ses nouvelles couleurs ! Un grand merci à Daniela Rotulo s&#8217;occupe...</p></div>
                    </div></div></div>
        </div>
    </article><article class="eael-grid-post  eael-post-grid-column eael-pg-post-3992 category-2018-stages-wasquehal" data-id="3992">
        <div class="eael-grid-post-holder">
            <div class="eael-grid-post-holder-inner"><div class="eael-entry-wrapper"><header class="eael-entry-header"><h2 class="eael-entry-title"><a class="eael-grid-post-link" href="https://epwlm.com/index.php/2018/02/07/stage-de-fevrier-2018-horaire-et-inscriptions/" title="Stage de Février 2018 &#8211; horaires et inscriptions">Stage de Février 2018 &#8211; horaires et inscriptions</a></h2></header><div class="eael-entry-content">
                        <div class="eael-grid-post-excerpt"><p>[dg attachment_pg=&#8221;false&#8221; new_window=&#8221;true&#8221; ids=&#8221;4002&#8243;] &nbsp; &nbsp; [pdf-embedder url=&#8221;http://www.nhju.eu/wordpress/epwlm/wp-content/uploads/sites/3/2018/02/STAGE-FEVRIER-2018-inscription-V2.pdf&#8221; title=&#8221;STAGE FEVRIER &#8211; 2018 inscription &#8211; V2&#8243;]</p></div>
                    </div></div></div>
        </div>
    </article></div>
            <div class="clearfix"></div>
        </div>				</div>
				</div>
					</div>
		</div>
					</div>
		</section>
				</div>

<p>Danse &#8211; Stages &#8211; février 2020 Après 2 semaines de stage pour nos compétiteurs le club reprend le planning habituel.. La semaine dernière, pour le stage de Danse sur Glace , nous avons eu le plaisir d&#8217;accueillir les patineurs du club du Havre avec leur entraineur&#8230; Fin du stage de Toussaint 2018- Danseurs Ainsi s&#8217;achève&hellip;&nbsp;<a href="https://epwlm.com/index.php/2018/02/07/stage-de-fevrier-2018-horaire-et-inscriptions/" rel="bookmark">Lire la suite &raquo;<span class="screen-reader-text">Stage de Février 2018 &#8211; horaires et inscriptions</span></a></p>
